783?
False
Does 68 divide 13464?
True
Does 42 divide 2688?
True
Is 4964 a multiple of 34?
True
Is 37072 a multiple of 112?
True
Is 2 a factor of 11?
False
Does 25 divide 128?
False
Does 10 divide 320?
True
Does 94 divide 8562?
False
Is 33 a factor of 1592?
False
Does 196 divide 3749?
False
Is 84 even?
True
Is 1248 a multiple of 33?
False
Is 3 a factor of 3441?
True
Does 35 divide 1646?
False
Does 31 divide 1037?
False
Is 248 a multiple of 3?
False
Is 10 a factor of 1647?
False
Is 1140 a multiple of 4?
True
Is 693 a multiple of 16?
False
Is 11424 a multiple of 102?
True
Is 113178 a multiple of 26?
True
Is 32 a factor of 3205?
False
Does 12 divide 16584?
True
Is 225 a multiple of 5?
True
Does 15 divide 5461?
False
Does 31 divide 217?
True
Does 36 divide 3420?
True
Is 6 a factor of 2589?
False
Is 3729 a multiple of 33?
True
Is 114 a factor of 22116?
True
Is 521 a multiple of 9?
False
Is 3876 a multiple of 17?
True
Is 17 a factor of 11849?
True
Is 126 a factor of 882?
True
Is 456 a multiple of 24?
True
Is 95 a factor of 20828?
False
Does 82 divide 6150?
True
Does 5 divide 405?
True
Is 56 a factor of 10353?
False
Is 3942 a multiple of 18?
True
Is 8254 a multiple of 58?
False
Does 122 divide 1220?
True
Does 27 divide 7317?
True
Is 3 a factor of 1190?
False
Does 37 divide 5106?
True
Does 2 divide 146?
True
Does 81 divide 6416?
False
Does 5 divide 587?
False
Does 12 divide 475?
False
Is 47 a factor of 50525?
True
Is 5824 a multiple of 14?
True
Is 184 a multiple of 23?
True
Is 30 a factor of 8520?
True
Is 34 a factor of 3789?
False
Does 5 divide 1857?
False
Is 44 a factor of 132?
True
Does 15 divide 360?
True
Is 5 a factor of 697?
False
Is 39 a factor of 1214?
False
Is 7 a factor of 73?
False
Is 2814 a multiple of 134?
True
Is 7 a factor of 3334?
False
Does 51 divide 561?
True
Is 1792 a multiple of 20?
False
Is 3696 a multiple of 24?
True
Is 157241 a multiple of 149?
False
Is 47 a multiple of 6?
False
Is 26 a factor of 520?
True
Is 5 a factor of 208?
False
Does 44 divide 1848?
True
Is 48951 a multiple of 111?
True
Does 56 divide 5727?
False
Is 4482 a multiple of 166?
True
Is 14 a factor of 241?
False
Is 5 a factor of 7655?
True
Does 8 divide 2413?
False
Is 16 a factor of 7936?
True
Does 9 divide 666?
True
Is 50 a factor of 1500?
True
Is 260 a factor of 41245?
False
Is 43 a factor of 542?
False
Is 17 a factor of 8190?
False
Is 54 a multiple of 6?
True
Is 333 a factor of 46953?
True
Does 19 divide 20156?
False
Is 211 a multiple of 18?
False
Is 3051 a multiple of 8?
False
Is 3150 a multiple of 80?
False
Does 5 divide 2474?
False
Is 28934 a multiple of 74?
True
Does 16 divide 5946?
False
Is 44 a factor of 1232?
True
Is 77 a factor of 716?
False
Is 4 a factor of 912?
True
Is 29 a factor of 474?
False
Is 2765 a multiple of 35?
True
Does 47 divide 69936?
True
Is 113 a factor of 43428?
False
Is 22191 a multiple of 31?
False
Does 11 divide 4554?
True
Is 37 a factor of 4306?
False
Is 4162 a multiple of 13?
False
Is 83 a factor of 6447?
False
Does 100 divide 34917?
False
Does 34 divide 58962?
False
Is 13 a factor of 2949?
False
Does 6 divide 192?
True
Does 10 divide 35386?
False
Is 183 a multiple of 74?
False
Does 4 divide 412?
True
Is 127 a multiple of 52?
False
Does 41 divide 287?
True
Does 16 divide 30890?
False
Is 20 a factor of 547?
False
Does 44 divide 2464?
True
Is 7462 a multiple of 14?
True
Does 7 divide 308?
True
Is 8 a factor of 2097?
False
Does 16 divide 639?
False
Is 936 a multiple of 23?
False
Is 74 a multiple of 33?
False
Is 6 a factor of 35052?
True
Is 29 a factor of 807?
False
Does 85 divide 27625?
True
Is 30212 a multiple of 248?
False
Is 14 a factor of 82070?
False
Is 18 a factor of 57804?
False
Is 12 a factor of 6048?
True
Is 9266 a multiple of 41?
True
Does 12 divide 3708?
True
Is 2409 a multiple of 33?
True
Is 45 a factor of 2925?
True
Is 7254 a multiple of 13?
True
Is 198 a multiple of 18?
True
Is 9 a factor of 1023?
False
Is 3 a factor of 3592?
False
Is 13702 a multiple of 5?
False
Is 5159 a multiple of 7?
True
Is 103 a factor of 4602?
False
Does 8 divide 112?
True
Is 191 a multiple of 7?
False
Does 71 divide 426?
True
Is 10650 a multiple of 47?
False
Is 5088 a multiple of 6?
True
Does 20 divide 520?
True
Is 472 a multiple of 8?
True
Is 30 a factor of 2723?
False
Does 6 divide 1137?
False
Does 9 divide 261?
True
Does 79 divide 1423?
False
Does 17 divide 2807?
False
Does 76 divide 3494?
False
Is 52976 a multiple of 11?
True
Is 3696 a multiple of 22?
True
Is 1839 a multiple of 3?
True
Is 28950 a multiple of 30?
True
Is 85 a factor of 216?
False
Does 10 divide 577?
False
Is 452 a multiple of 35?
False
Is 102 a factor of 15606?
True
Is 55 a factor of 984?
False
Does 5 divide 1070?
True
Does 16 divide 210?
False
Is 12 a multiple of 6?
True
Does 71 divide 6908?
False
Is 26 a factor of 38060?
False
Is 12 a factor of 732?
True
Is 12772 a multiple of 6?
False
Is 1728 a multiple of 72?
True
Is 8 a factor of 43322?
False
Is 150 a multiple of 10?
True
Is 10 a factor of 5980?
True
Is 10979 a multiple of 19?
False
Does 41 divide 492?
True
Is 122 a factor of 92839?
False
Does 10 divide 470?
True
Is 589 a multiple of 31?
True
Is 110229 a multiple of 29?
True
Is 4 a factor of 397?
False
Does 10 divide 57277?
False
Is 408 a multiple of 4?
True
Does 24 divide 4248?
True
Is 1254 a multiple of 33?
True
Does 10 divide 7173?
False
Is 9600 a multiple of 8?
True
Is 33894 a multiple of 14?
True
Does 15 divide 559?
False
Is 12 a factor of 13?
False
Does 33 divide 5940?
True
Is 133 a multiple of 13?
False
Is 5456 a multiple of 62?
True
Is 174 a factor of 8748?
False
Does 8 divide 22256?
True
Is 61370 a multiple of 95?
True
Is 26720 a multiple of 80?
True
Is 5 a factor of 875?
True
Is 10475 a multiple of 84?
False
Is 2244 a multiple of 22?
True
Is 26 a factor of 990?
False
Is 15 a factor of 245?
False
Does 16 divide 4284?
False
Does 125 divide 4117?
False
Is 6 a factor of 297?
False
Is 54 a factor of 34652?
False
Does 81 divide 5733?
False
Is 6 a factor of 1534?
False
Does 44 divide 899?
False
Does 46 divide 17007?
False
Is 12 a factor of 8351?
False
Does 18 divide 937?
False
Is 420 a multiple of 4?
True
Is 31 a factor of 6287?
False
Is 12 a factor of 288?
True
Is 42154 a multiple of 134?
False
Is 18 a factor of 684?
True
Does 179 divide 115325?
False
Is 56 a multiple of 14?
True
Does 15 divide 1080?
True
Is 12 a factor of 23283?
False
Does 8 divide 14184?
True
Is 9 a factor of 4422?
False
Is 19 a multiple of 19?
True
Is 15645 a multiple of 241?
False
Is 2 a factor of 107?
False
Does 2 divide 1434?
True
Is 7 a factor of 1029?
True
Does 8 divide 1559?
False
Does 56 divide 1176?
True
Is 780 a multiple of 10?
True
Does 56 divide 1066?
False
Is 2923 a multiple of 37?
True
Is 13 a factor of 2080?
True
Does 23 divide 529?
True
Does 67 divide 1005?
True
Does 22 divide 40063?
False
Is 3 a factor of 1809?
True
Is 54 a factor of 1296?
True
Is 2360 a multiple of 10?
True
Does 16 divide 13776?
True
Is 31664 a multiple of 217?
False
Does 119 divide 6307?
True
Is 37 a factor of 1879?
False
Is 180 a factor of 59895?
False
Is 15 a factor of 116?
False
Does 12 divide 59?
False
Is 1854 a multiple of 10?
False
Is 24 a factor of 1919?
False
Is 185 a multiple of 35?
False
Is 6 a factor of 17706?
True
Is 2 a factor of 74?
True
Is 39 a factor of 1067?
False
Does 16 divide 180?
False
Is 31 a factor of 406?
False
Is 51296 a multiple of 28?
True
Does 25 divide 28400?
True
Is 180 a multiple of 5?
True
Is 14760 a multiple of 89?
False
Does 22 divide 12408?
True
Is 19 a factor of 1159?
True
Is 5 a factor of 363?
False
Does 19 divide 388?
False
Does 19 divide 247?
True
Is 39 a factor of 9945?
True
Does 49 divide 34398?
True
Is 1148 a multiple of 14?
True
Does 26 divide 80?
False
Is 14 a factor of 32942?
True
Is 115 a factor of 9775?
True
Is 18 a factor of 3688?
False
Is 22463 a multiple of 42?
False
Does 55 divide 244?
False
Is 8 a factor of 45910?
False
Does 14 divide 29978?
False
Is 34 a factor of 7572?
False
Is 15 a factor of 8295?
True
Is 4 a factor of 5058?
False
Is 116 a factor of 2668?
True
Is 258 a multiple of 43?
True
Is 70 a factor of 1120?
True
Is 10 a factor of 800?
True
Does 58 divide 2740?
False
Does 61 divide 915?
True
Does 14 divide 18?
False
Does 18 divide 1616?
False
Is 5 a 